Calculate the greatest common divisor of x and 13.
13
Let c = 22 - 13. Let h be (-3)/(c/(-12)*8/12). What is the greatest common factor of 36 and h?
6
Let u = -10 + 16. Let p be (-5)/(15/u) + 170. Suppose -p = -4*b + b. Calculate the greatest common factor of b and 8.
8
Let l be (96/(-10))/(-4)*(-40)/(-6). Suppose -2*f = -0*f - l. What is the greatest common divisor of 24 and f?
8
Suppose -20*o + 207 = 27. Calculate the greatest common factor of 3 and o.
3
Let q(s) = -115*s - 1411. Let m be q(-13). Suppose v + 30 = 2*n - 15, n - 9 = -4*v. Calculate the highest common divisor of m and n.
21
Let k(o) = 24*o**2 + o - 11. Let u(s) = -s**2 - 16*s - 25. Let b be u(-14). Let n be k(b). What is the highest common divisor of n and 52?
52
Suppose 0 = -z + 3*g + g + 5, -5*g = 0. Suppose -6*l = -l - 3*a - 115, 3*l - z*a = 85. What is the greatest common divisor of 10 and l?
10
Suppose -3*c - 8*u + 2637 = -11*u, -1764 = -2*c + 4*u. What is the highest common divisor of 12 and c?
12
Suppose 130 = 11*y - 6*y - 5*f, f + 5 = 0. What is the greatest common factor of y and 84?
21
Let i(g) = -109*g + 1. Let h be i(-3). Suppose -10*q + h = -542. What is the greatest common factor of q and 3?
3
Let y(o) = 21*o - 64. Let f be y(13). What is the greatest common factor of 38 and f?
19
Let a = -254 + 464. What is the greatest common divisor of 30 and a?
30
Suppose -2*l + 7 = -f, 4*f = 4*l - f - 11. Let r = l + 36. What is the greatest common factor of r and 100?
20
Let f = 2 - -12. Let n(k) = -k**3 + 15*k**2 - 10*k. Let d be n(f). What is the greatest common divisor of 42 and d?
14
Let o(g) = -g**2 + 8*g + 8. Let h be o(8). Let l be (-2)/(-8) - (-118)/h. Let b be 3*4/6 - (-8 + 0). What is the greatest common divisor of l and b?
5
Let i = 397 + -221. Calculate the highest common divisor of i and 11.
11
Let r be -32*3*(-1)/4. Suppose x - 10 = 2*z + z, 2*x - r = 4*z. What is the highest common factor of x and 20?
4
Let g = -110 - -190. Suppose 0 = -8*u + 3*u + 90. Let i = 14 + u. Calculate the highest common divisor of i and g.
16
Let g be -3 - (4 - -1) - -160. Calculate the highest common factor of g and 1292.
76
Suppose v - 42 = 4*t, 4*v - 143 = 2*t - 31. Calculate the highest common divisor of v and 2.
2
Let w = 18 + -41. Let j = w - -28. Suppose 0 = j*y + 138 - 768. Calculate the highest common factor of 14 and y.
14
Suppose -6*x = -9*x - 30. Let k be (-2)/x + (-58)/(-10). Let w be ((-42)/(-9))/(2/k). What is the greatest common divisor of 2 and w?
2
Suppose 5 = h + 7, 0 = 2*f - 2*h - 106. Calculate the greatest common divisor of f and 493.
17
Let m(u) = -u**2 - 18*u + 1. Let o be m(-17). Suppose o = i - 6. What is the highest common divisor of i and 264?
24
Let f = -427 - -559. What is the greatest common divisor of 36 and f?
12
Let c = -47 - -1455. What is the greatest common factor of c and 11?
11
Let j be (-58)/609 - 4372/(-42). What is the highest common factor of j and 40?
8
Let y(n) = n**2 - 4*n - 7. Let l be y(6). Suppose -h = -7 - l. Let k = h + -11. What is the greatest common factor of 7 and k?
1
Suppose 2*b + 41 = -3*v + 4*v, -5*v + 2*b = -205. Suppose 221 = 10*o + v. What is the highest common factor of 6 and o?
6
Suppose x - 30 = -4*y - 10, 0 = -4*y - 4*x + 8. What is the greatest common factor of y and 38?
2
Let h = 43 - 28. Let w(i) = 126*i + 3. Let o be w(2). Calculate the highest common divisor of o and h.
15
Let f = 39 - 34. Suppose -418 - 47 = -f*m. What is the greatest common divisor of m and 31?
31
Let l = 326 - -268. Calculate the highest common divisor of l and 162.
54
Let x be (-25)/(-3) - (-31)/(-93). What is the highest common factor of x and 52?
4
Let i(o) = 8*o + 3. Let p be i(8). Let v = p + -108. Let r = -17 - v. What is the greatest common factor of r and 36?
12
Let q be ((-12)/9)/(8/(-6)). Let t(d) = d + 22. Let a be t(-14). What is the highest common factor of q and a?
1
Let j = -37 + 59. Suppose 0*i + 396 = 2*i. What is the highest common divisor of j and i?
22
Suppose 5*s + 28 = 148. Calculate the greatest common factor of 216 and s.
24
Suppose -7*m = -10*m - 12. Let r(l) = l**2 + 5*l - 4. Let j be r(m). Let g be (-3 + j/(-6))*-6. What is the highest common divisor of 5 and g?
5
Suppose 0 = -3*h + 2*d + 248, 2*h + 2*d = -2*d + 144. Calculate the highest common divisor of 32 and h.
16
Suppose 179*z = 152*z + 6480. Calculate the highest common divisor of 105 and z.
15
Let k = -358 - -638. Calculate the greatest common factor of 28 and k.
28
Suppose 4*c = 9 - 5. Let o be 2/c + 2 + -2. Suppose 5*l = -2*x + 286, o*x - 50 = 2*l + 264. Calculate the highest common divisor of 17 and x.
17
Let y(t) = 2*t - 7. Let l be y(-17). Let q = -68 - l. Let h = 1 - q. What is the highest common divisor of h and 70?
14
Suppose y + 17 = i, 4*y + 42 - 10 = i. Suppose -i*s + 8 = -11*s. Calculate the greatest common factor of 16 and s.
8
Suppose -3*w = 77 - 221. Suppose 0 = 44*y - 47*y + w. What is the greatest common divisor of 40 and y?
8
Let p = 1 - -10. Let t be (-5759)/(-130) - 27/90. What is the greatest common divisor of t and p?
11
Suppose -18 = -2*x - 4. Let a be (x/14)/(1/6). Suppose 2*y - 3*v + 2*v - 356 = 0, -2*v - 536 = -a*y. What is the highest common divisor of 16 and y?
16
Let h(v) = -13*v - 2. Let f = -7 - -9. Suppose -2 = f*j + 2. Let x be h(j). What is the greatest common factor of x and 60?
12
Let x be (-4)/8*26*3. Let y = 17 - x. Calculate the highest common factor of 7 and y.
7
Let h = 263 + -250. Calculate the greatest common factor of 208 and h.
13
Let w be (-2 - 1) + (-39)/(-13). Suppose -4*k = -3*n - w*n - 60, -5*k + 64 = -n. Calculate the greatest common factor of 8 and k.
4
Suppose -4*a + 5*o = -94 + 9, -2*a + 45 = -5*o. Suppose -20 = -5*j + a. Let i = 2660 - 2659. Calculate the greatest common factor of j and i.
1
Suppose -136 = -8*x + 40. What is the greatest common divisor of x and 352?
22
Suppose -96*g + 825 = -21*g - 525. Let j be ((-72)/10)/((-3)/15). What is the greatest common divisor of j and g?
18
Suppose 2*s - 3*a = 1035, -2*s + 10*a = 13*a - 1005. What is the greatest common factor of 15 and s?
15
Suppose 2*m - 210 = 5*o, 5*o + 93 = 3*m - 227. Let t = 113 - m. What is the highest common divisor of t and 3?
3
Let s be 0 + 3 + 0 + 1. Suppose -s*k + 2*f + 100 = -2*f, k = -4*f + 10. Suppose k*t = 19*t + 276. Calculate the highest common factor of 23 and t.
23
Let k = 6 + 0. Suppose w + 4 - k = 0. Let f be -20*3/(-10)*w. What is the greatest common factor of 108 and f?
12
Let x = 63 + -65. Let c(p) = 2 + 3*p**2 - p + 0 + 7*p**2. Let w be c(x). What is the highest common divisor of 4 and w?
4
Let z = -19 + 26. Let o be ((-84)/9)/((-6)/36). What is the highest common factor of o and z?
7
Suppose 23*a - 22*a = 0. Let t(i) = i**2 - 4*i + 108. Let m be t(a). Calculate the highest common factor of 24 and m.
12
Suppose 3*a = a - 14. Let g(t) = t + 15. Let y be g(a). Calculate the highest common divisor of y and 1.
1
Suppose -2*d - 5*n = -52, -3*d + 5*n + 12 = -16. Calculate the highest common divisor of d and 8.
8
Let j be (-128)/(0 - 4) - 2. Let m(x) = -x - x - 3 + 3. Let g be m(-3). What is the greatest common factor of j and g?
6
Let r(v) = -4*v**2 + 35*v + 18. Let j be r(8). Calculate the greatest common factor of 336 and j.
42
Let o(y) = -5*y - 44. Let q be o(-15). Calculate the highest common factor of 775 and q.
31
Suppose 40 = 5*p - p. Let m be (4/10)/((-3)/(-30)). Suppose 3*r = -2*k + m*k + 40, 4*k + p = -r. Calculate the highest common factor of r and 100.
10
Let h = 741 + -341. What is the highest common divisor of h and 240?
80
Let f be (343 - 147) + (-5 - -1). Calculate the greatest common factor of 24 and f.
24
Let t(l) = l + 4. Let p be t(-2). Let w(n) = 14*n**3 + n**2 - 5*n + 6. Let q be w(p). Calculate the greatest common divisor of 16 and q.
16
Let o = 3 + -5. Let v be (-3)/((-6)/32) + o. What is the greatest common divisor of v and 42?
14
Let r(d) = d**3 - 2*d**2 - 5*d + 6. Let l be r(6). Let v be (2/(-3))/((-5)/l). Calculate the highest common factor of 16 and v.
16
Let i be -1 + 2 - 89/(-1). Calculate the greatest common divisor of 180 and i.
90
Let a be 68/11 - (-4)/(-22). Let j(d) = d + 1. Let x be j(a). Suppose x*f = 2*f + 45. Calculate the highest common factor of f and 81.
9
Let i(l) = -l**3 - 19*l*